. Suppose 2*a + 80 = 7*a. What is the greatest common factor of b and a?
8
Suppose -u - 1 = -4. Let i be (-2)/u - (-244)/6. Let n = 4361 - 4357. What is the highest common divisor of n and i?
4
Suppose -2*l = 2*l - 220. Let o(k) = k + 9. Let j be o(-3). Suppose 25 = -w + j*w. Calculate the greatest common factor of l and w.
5
Let c be (2*(-2 - -8))/2. Suppose 431 = c*x + 11. Calculate the highest common divisor of 28 and x.
14
Let q be (1 - 0) + (24 - -215). Let j = -93 + q. What is the greatest common divisor of j and 21?
21
Let c be ((-16)/(-1) + -2)*(-5)/(-5). Calculate the highest common factor of 98 and c.
14
Suppose -5*i + i + 4*s + 8 = 0, -i - 5*s = 16. Let h be 875/(-1 + -4)*i. What is the greatest common divisor of 70 and h?
35
Let p = -99 - -58. Let s = p + 43. What is the greatest common divisor of 10 and s?
2
Suppose 284 + 116 = 20*z. What is the greatest common factor of 40 and z?
20
Let s(x) = -x**2 + 12*x + 10. Let n be 22*2/(-12)*-3. Let o be s(n). Suppose -4*a + j = 2 - 16, -3*j - o = -5*a. What is the highest common factor of a and 27?
3
Suppose 0 = 5*u + 1058 + 402. Let d = 436 + u. Calculate the greatest common divisor of 16 and d.
16
Let a(j) = -2*j**2 + 0 - 7 + 3*j**2 + 0*j**2 - 5*j. Let f be a(5). Let c = f + 16. Calculate the greatest common factor of c and 99.
9
Let y = -1651 - -1697. Let b(d) = 46*d**3. Let j be b(1). Calculate the highest common factor of j and y.
46
Let c = 0 - 0. Suppose m + 0*m - 10 = c. Suppose -1051 = -62*n + 4726 + 1043. Calculate the greatest common factor of m and n.
10
Suppose -196 = -5*t + 464. Let w(u) = -10*u - 28. Let p be w(-4). Calculate the highest common divisor of t and p.
12
Let s(v) = 6*v**3 + 8*v**2 - 17*v - 9. Let n be s(4). What is the highest common divisor of 30 and n?
15
Suppose -5*h + 3*n + 36 = -10, 4*h - 34 = n. What is the highest common factor of 92 and h?
4
Let l = 931 + -915. Suppose 4*a = -4*q + 52, 3*q + a - 6*a + 1 = 0. What is the highest common divisor of l and q?
8
Let m = 11 + -8. Let d = m + -9. Let q = 2 - d. What is the highest common divisor of q and 12?
4
Suppose 4 = -h + 10. Let v = -1 + h. Calculate the greatest common factor of v and 1.
1
Let d be 27/18 + (-81)/(-2). Let t = d + -9. Calculate the greatest common factor of 11 and t.
11
Suppose 2*f - 12 = -2*k, -49*k + 45*k + 14 = 3*f. Calculate the highest common divisor of f and 5.
5
Let s(j) = -j**3 + 4*j**2 - 3*j + 4. Let c be s(2). Let n(k) = 4*k**2 - 3*k - 4. Let g be n(4). What is the greatest common factor of g and c?
6
Let w be (-66)/(-44)*(16 + 0). Let o be 4 + (-8)/w*(0 - 0). What is the highest common factor of 10 and o?
2
Let x(t) = -209*t + 16. Let k be x(-2). Calculate the highest common divisor of 62 and k.
62
Let k be 2*1/(-5) + 366/15. Let t(w) = 2*w**2 - 9*w + 4. Let i be t(8). What is the highest common factor of k and i?
12
Suppose 219 = 2*r + 3*o, 2*r + 0*o - 212 = 4*o. Suppose 2*p = -p + r. Let c = -2388 + 2392. Calculate the highest common divisor of p and c.
4
Let l be 152/56 - 4/(-14). Suppose -2*k = -l*h + 3*k + 117, 0 = 2*h + 4*k - 100. Calculate the greatest common factor of h and 33.
11
Suppose -3*o - 4877 = -5*t - 0*o, 3*t = o + 2927. What is the greatest common divisor of 16 and t?
16
Suppose 2371 - 691 = 6*b. What is the greatest common factor of 8 and b?
8
Let l(o) = -3 + 5 - o**2 + 4*o - o + 2. Let y be l(4). Suppose y = 7*q - 2*q - 110. What is the highest common divisor of 66 and q?
22
Let t be 6/(-378)*-14 - 7/(-9). Calculate the highest common divisor of 43 and t.
1
Suppose c = -3*c - u + 179, 2*c - 77 = -3*u. Suppose 4*g + 1 = -f + 7, -5*f - 4*g + c = 0. What is the greatest common divisor of 2 and f?
2
Let d = -19 - -42. Let s = 722 - 699. What is the greatest common divisor of s and d?
23
Let h = 27 + 28. What is the highest common divisor of 5 and h?
5
Let k be 6/4 + (-405)/(-18). Suppose 0 = -0*i + i - k. Let l = i - 0. Calculate the greatest common factor of 6 and l.
6
Suppose 0 = 4*x - 5*v - 64, -x - 2*x + 48 = 2*v. Calculate the greatest common divisor of 184 and x.
8
Let x(z) = 3*z**3 - 5*z**2 + 7*z + 2. Let y be x(5). Let f = y + -199. Calculate the greatest common factor of 8 and f.
8
Let f(d) = -d**2 + 6*d + 1. Let q be f(5). Suppose -2*z - u + 4 = -q, -4*u - 8 = 0. Let x = 518 - 470. Calculate the highest common divisor of z and x.
6
Suppose -144 = -34*a + 60. What is the highest common factor of a and 630?
6
Let n(j) = j**3 + 2. Let q(a) = a**3 - 8*a**2 + 4. Let u be q(8). Suppose u - 2 = p. Let g be n(p). Calculate the highest common divisor of 4 and g.
2
Suppose -2*p = -4*p - 152. Let j = p + 88. Calculate the highest common factor of 12 and j.
12
Suppose 3*f - y = f - 426, -195 = f + 4*y. Let m = f - -66. Let o be 3 + -3 - 1 - m. What is the greatest common divisor of o and 16?
16
Let s be (131 + 1)/6*2/(-4). Let d be ((-140)/6)/(s/33). What is the greatest common divisor of 10 and d?
10
Let w(l) = -6*l**3 + 5 + 2*l - 2 + 6 + 7*l**3 + l**2. Let o be w(0). Let n be o/(18/88) - -1. Calculate the greatest common factor of 18 and n.
9
Let k = -547 - -561. Calculate the greatest common divisor of 63 and k.
7
Let o = 12 - -340. What is the greatest common factor of 77 and o?
11
Suppose 2909*b + 702 = 2915*b. Calculate the greatest common divisor of b and 162.
9
Let l(c) = c + 6. Let u be l(-4). Let j(o) = 2*o**3 - 2*o**2 - o + 2. Let x be j(u). Let y = 7 + x. Calculate the highest common factor of y and 75.
15
Let z be (-4)/2 + (4 - 2 - -2). Let p be (-1*1/z)/(5/(-40)). Calculate the greatest common factor of p and 28.
4
Let r(z) be the second derivative of 5*z**3/6 + 8*z**2 + 12*z. Let i be r(4). What is the highest common factor of 9 and i?
9
Suppose 0 = 3*k - b - 308, 524 = 5*k + 5*b - 4*b. What is the greatest common divisor of k and 52?
52
Suppose -3*o + 3*t = -45, 16*o + t = 20*o - 48. Calculate the greatest common divisor of o and 77.
11
Let c be (132/8)/(1/2). Let h(u) = -11*u. Let y be h(-2). What is the highest common factor of c and y?
11
Let j be (32/40)/((-2)/(-330)). Let q be (-532)/28 + 23 - 652/(-2). Calculate the highest common divisor of j and q.
66
Suppose m + 1 + 3 = 0. Let q be (-18)/(-4) - (-6)/m. Suppose -q = -2*h + 7. Calculate the greatest common factor of 55 and h.
5
Let s(b) = -15*b - 10. Let z be s(-6). Suppose -2*w + w - 3 = 0, 4*q + 4*w = 28. What is the greatest common divisor of z and q?
10
Let y(o) = -271*o + 4. Let x be y(-1). Calculate the highest common divisor of 110 and x.
55
Let v be -4*7504/(-192) + (-10)/(-6). Calculate the highest common divisor of 237 and v.
79
Let v(w) = 72*w**3 - 8*w + 8. Let x be v(1). Let l be 1*6/2*(0 - -3). What is the highest common factor of l and x?
9
Suppose 0 = -6*k + k. Suppose k = -3*b + 2*o + 138, 3*b - 71 = -5*o + 46. What is the highest common factor of 110 and b?
22
Let p(r) = 13*r - 59. Let c be p(18). What is the highest common divisor of c and 70?
35
Let s(f) = 2*f**2 + 28*f + 14. Suppose -4*j + 16 = -2*y, -40 = 2*y + 4*j - 0*j. Let c be s(y). What is the greatest common divisor of 28 and c?
14
Suppose -4*j = 4, -11*b + 9*b + 152 = -4*j. Calculate the highest common divisor of 111 and b.
37
Suppose -352*d - 5 = -353*d. What is the greatest common factor of d and 205?
5
Let c be -5 - 80/(-8) - -1090. Calculate the greatest common factor of 15 and c.
15
Let o(m) = -52*m**3 + 3*m**2 + 13*m + 4. Let w be o(-2). What is the highest common factor of w and 174?
58
Let z = -28 + 14. Let m be 8/28 - 2208/z. Suppose 5*k = m - 38. What is the greatest common factor of 6 and k?
6
Let q(d) = 4*d**2 - 48. Let a be q(6). Calculate the greatest common factor of 168 and a.
24
Suppose -4*z - 4*m = -16, z = -3*z - 2*m + 18. Suppose 0 = -t + 5 + z. Let v = -5 - -30. What is the greatest common divisor of v and t?
5
Let c = 196 + 200. Calculate the greatest common factor of c and 12.
12
Suppose 1 = 3*u - 5. Suppose 0 = -3*t + 4 + u. What is the highest common divisor of t and 22?
2
Let h be -14*(-5)/30*-3 + 88. Calculate the highest common factor of h and 27.
27
Let x = 42 - 50. Let k be 190/4 - (4/x + 0). What is the highest common factor of 72 and k?
24
Suppose 0 = 148*q - 105*q - 104576. Calculate the highest common factor of q and 38.
38
Let a(y) = y**3 - 6*y**2 - 16*y - 1. Let v be a(9). 